omposite?
True
Is 1518522251 a composite number?
False
Is 1880783501 a composite number?
False
Is 257158151 a prime number?
True
Is 27926115403 a prime number?
False
Is 44068906099 composite?
True
Is 3169565067 composite?
True
Is 10052113 a prime number?
False
Is 55360327063 prime?
False
Is 2019894101 prime?
True
Is 2975461667 composite?
True
Is 111792999121 a prime number?
False
Is 13938796673 a prime number?
True
Is 26659235183 prime?
False
Is 17065158203 prime?
True
Is 278444435 a composite number?
True
Is 132344683 a prime number?
True
Is 526562107 composite?
True
Is 188010539 a prime number?
False
Is 750874727 composite?
False
Is 1546509031 composite?
True
Is 9190201 a prime number?
True
Is 27864101527 composite?
True
Is 2820710443 a prime number?
True
Is 1227233653 composite?
True
Is 80541161 a prime number?
True
Is 314536155229 composite?
False
Is 29964566771 prime?
False
Is 1674017597 composite?
True
Is 2211731209 a composite number?
False
Is 23599770031 prime?
True
Is 3961471181 a prime number?
False
Is 502630391 composite?
False
Is 1136520811 composite?
True
Is 25117944721 a prime number?
False
Is 183755401 prime?
False
Is 290645689 a prime number?
False
Is 6501764317 a composite number?
True
Is 6963849263 a composite number?
True
Is 6869281807 a prime number?
False
Is 51918791857 a prime number?
False
Is 115632667 a prime number?
True
Is 108847009 composite?
False
Is 2819764447 prime?
True
Is 100733488937 a composite number?
False
Is 36027615515 prime?
False
Is 6174930143 a prime number?
False
Is 2115134857 composite?
True
Is 2477608561 a prime number?
False
Is 6869440147 a composite number?
True
Is 2807969809 a composite number?
False
Is 25973067935 prime?
False
Is 2121488857 composite?
True
Is 6929857721 prime?
True
Is 8035657337 prime?
True
Is 1977309853 composite?
True
Is 89885867389 a composite number?
True
Is 79960277689 prime?
False
Is 4959256889 a prime number?
False
Is 17510431387 a prime number?
False
Is 605959949 a composite number?
True
Is 3282788083 a prime number?
True
Is 552216187 a composite number?
True
Is 42843024257 a prime number?
False
Is 3395065697 composite?
True
Is 391085727 prime?
False
Is 3156412213 a composite number?
False
Is 1647788029 prime?
True
Is 2102379473 prime?
True
Is 35548744057 prime?
False
Is 26484476363 composite?
True
Is 480452257 a composite number?
False
Is 750907357 composite?
True
Is 2462654471 a composite number?
True
Is 25817998819 prime?
False
Is 2460327359 composite?
True
Is 6216091603 composite?
False
Is 334732523 a composite number?
True
Is 9678936667 composite?
True
Is 63852579361 prime?
True
Is 317887637 prime?
False
Is 3844664363 composite?
False
Is 34032378503 composite?
False
Is 267328679 composite?
False
Is 3180405047 prime?
True
Is 230343328855 a composite number?
True
Is 2690557799 a composite number?
False
Is 26313919309 prime?
True
Is 337551809 a prime number?
False
Is 70835739721 a composite number?
False
Is 5872242247 a prime number?
False
Is 2702681209 prime?
True
Is 232197152021 prime?
True
Is 1929825581 a composite number?
False
Is 28374291943 a composite number?
False
Is 552207293 a composite number?
True
Is 332809027 a composite number?
False
Is 222891923 a composite number?
False
Is 952591241 prime?
False
Is 24672504463 prime?
False
Is 90696391 a composite number?
True
Is 2377017421 prime?
True
Is 2998047511 a prime number?
True
Is 118585740569 a prime number?
True
Is 11509389473 a prime number?
True
Is 6240723743 composite?
True
Is 14438125355 prime?
False
Is 91618997 composite?
False
Is 16053301139 prime?
True
Is 19789457 a composite number?
False
Is 5188291241 a prime number?
False
Is 11676804043 composite?
False
Is 444858150903 a composite number?
True
Is 10858027487 prime?
True
Is 4722208619 a composite number?
False
Is 2700590119 a composite number?
True
Is 970490201 a composite number?
False
Is 439456631 a prime number?
True
Is 225443597 prime?
True
Is 558700007 a composite number?
False
Is 627628741 composite?
True
Is 8878201909 a prime number?
False
Is 179504303 composite?
True
Is 556348871 a composite number?
True
Is 103037280961 prime?
True
Is 87498501763 a prime number?
True
Is 4820331799 prime?
True
Is 52368463391 composite?
True
Is 3316726601 prime?
True
Is 86142685 a composite number?
True
Is 4048435661 prime?
False
Is 17782090463 prime?
True
Is 5325628769 a composite number?
True
Is 2070065639 a prime number?
False
Is 1807469969 a prime number?
False
Is 69974633 prime?
False
Is 1109379783 a prime number?
False
Is 7640740409 composite?
False
Is 179245453 a composite number?
False
Is 966141049 prime?
False
Is 188011013 prime?
False
Is 467321117 composite?
False
Is 133267591 composite?
False
Is 167949689 prime?
True
Is 6820468069 a prime number?
False
Is 162276559 prime?
False
Is 1041573959 composite?
False
Is 31218166781 prime?
False
Is 90648575417 prime?
True
Is 4639885961 composite?
False
Is 1075730197 a composite number?
False
Is 233341249983 a prime number?
False
Is 136478219 a composite number?
False
Is 190742964241 a composite number?
True
Is 152676059 a prime number?
True
Is 5961865951 a composite number?
True
Is 5800896847 composite?
False
Is 54455809519 a prime number?
False
Is 37786038839 a prime number?
False
Is 26832385123 prime?
True
Is 345745917187 a prime number?
False
Is 21205550285 a prime number?
False
Is 947445607 a prime number?
False
Is 1930901549 prime?
False
Is 5828374661 prime?
True
Is 18280126957 composite?
True
Is 2233947979 a composite number?
True
Is 5950695637 prime?
True
Is 2192520419 prime?
True
Is 2257236631 prime?
False
Is 1289725853 a prime number?
False
Is 2569414607 prime?
True
Is 271963931 prime?
True
Is 29709453847 prime?
False
Is 8193249413 a prime number?
False
Is 164732629 a prime number?
False
Is 3524731697 a composite number?
True
Is 719790569 a prime number?
True
Is 231511993 prime?
True
Is 63742863257 a prime number?
True
Is 524269513 prime?
True
Is 73339066 prime?
False
Is 136777171 prime?
False
Is 63591401 composite?
True
Is 8559822718 a composite number?
True
Is 72228331657 a composite number?
True
Is 816411091 a prime number?
False
Is 9543423389 a composite number?
False
Is 354848827 composite?
False
Is 1049702533 a prime number?
False
Is 1353218315 prime?
False
Is 133751029801 composite?
False
Is 209823329645 prime?
False
Is 9048408451 a composite number?
False
Is 3380364059 composite?
False
Is 625011587 prime?
True
Is 29647817753 a composite number?
False
Is 32439588397 prime?
True
Is 6688141289 a prime number?
False
Is 24729179867 composite?
True
Is 2974468209 a composite number?
True
Is 58083060599 composite?
False
Is 36049392367 composite?
True
Is 173357275049 composite?
True
Is 2521835773 prime?
False
Is 12199133267 a prime number?
False
Is 345490151 a prime number?
True
Is 11014140201 composite?
True
Is 3816530491 a prime number?
False
Is 204368012599 a composite number?
False
Is 330831427 prime?
False
Is 15360941861 prime?
False
Is 1733660891 composite?
True
Is 41280425959 prime?
True
Is 194809249 prime?
False
Is 13058308661 composite?
True
Is 794655997 a prime number?
True
Is 5257628653 a composite number?
True
Is 3191208743 composite?
True
Is 7955942929 composite?
True
Is 619852111 a prime number?
True
Is 6454767727 composite?
False
Is 87671758093 composite?
True
Is 8399396557 prime?
False
Is 12210095507 a prime number?
True
Is 5124880934 a composite number?
True
Is 9291805561 composite?
False
Is 14978456431 composite?
False
Is 5398449107 prime?
False
Is 84219700343 prime?
False
Is 846662605 a composite number?
True
Is 1058142397 composite?
True
Is 30672219 prime?
False
Is 65009710099 a prime number?
False
Is 3177157273 a prime number?
False
Is 3179447 composite?
True
Is 1752867497 prime?
True
Is 18556022027 prime?
True
Is 1515220851 prime?
False
Is 35685616511 a prime number?
False
Is 9666152227 prime?
True
Is 27407539879 a prime number?
True
Is 2510050121 composite?
False
Is 1136164789 prime?
True
Is 55269108503 a composite number?
True
Is 984069101 a prime number?
True
Is 16988535247 a prime number?
True
Is 33973649 a prime number?
False
Is 1244227613 a composite number?
False
Is 38680582841 a composite number?
True
Is 96870869 prime?
True
Is 12078688387 prime?
False
Is 129256170893 p